{"id":1791,"date":"2015-12-05T06:54:19","date_gmt":"2015-12-05T05:54:19","guid":{"rendered":"http:\/\/nsu-club.de\/?page_id=1791"},"modified":"2015-12-30T15:33:37","modified_gmt":"2015-12-30T14:33:37","slug":"eine-weihnachtsgeschichte-oder-als-der-nikolaus-in-burgebrach-nsu-gefahren-ist","status":"publish","type":"page","link":"https:\/\/nsu-club.de\/?page_id=1791","title":{"rendered":"Eine Weihnachtsgeschichte oder  Als der Nikolaus in Burgebrach NSU gefahren ist"},"content":{"rendered":"<p>Liebe Kinder,<\/p>\n<p>es war die Nacht vor dem 6.Dezember an der Santa Claus wie jedes Jahr nach Burgebrach kam.<\/p>\n<p>Eigentlich hei\u00dft er ja Nikolaus, aber moderne Zeiten verlangen nach modernen Namen. Die Zeiten \u00e4ndern sich eben.<\/p>\n<p>Doch dieses mal sollte alles anders sein und die Burgebracher haben noch lange von dieser besonderen, \u00a0verzauberten Nacht gesprochen.<\/p>\n<p>Denn Rudolf, das ist Nikolaus erstes Renntier, hatte an diesen Abend ein Beinleiden und es flog zu dicht an\u00a0 den Kamin vom obern Schmied vorbei und blieb mit seiner Vorderhufe h\u00e4ngen.<\/p>\n<p>Man h\u00f6rte ein lautes poltern und krachen als die Steine in den Kamin flogen.<\/p>\n<p>Erschrocken stoppte der Nikolaus seinen Schlitten und schaute sich die Bescherung an.<\/p>\n<p>Er sah den armen Rudolf der nicht mehr weiter konnte da er seinen Huf angebrochen hatte,<\/p>\n<p>er sah den defekten Kamin der immer noch staubte und krachte<\/p>\n<p>und er sah wie der ober Schmied aus der T\u00fcr heraus kam, sich den Schlaf aus den Augen wischte und zuerst gar nicht verstand was er da sah.<\/p>\n<p>Santa Claus erkl\u00e4rte den Josef was passiert ist, entschuldigte sich bei Ihm und schaute nach dem Rentier ob es unverletzt geblieben ist. Rudolf zeigte den Nikolaus die schmerzende Hufe.<\/p>\n<p>Der Josef verstand sofort, denn er war ja ein richtiger Schmied und er kannte sowas auch von Ponnys und Pferden.<\/p>\n<p>Er nahm das Bein von Rudolf und wusste, wenn er am Huf einfach ein kleines Hufeisen anlegt und das Rentier damit beschl\u00e4gt kann der Nikolaus wieder weiter fliegen und alle Kinder gl\u00fccklich machen.<\/p>\n<p>Und mal ehrlich, es gibt keine b\u00f6sen Kinder zu denen der Nikolaus nicht kommt. Vielleicht sind sie manchmal ungehorsam, aber ein b\u00f6ses Kind habe ich noch nie gesehen.<\/p>\n<p>Ein Gl\u00fcck das alles an der Schmiede passiert ist, aber was ist denn mit den Kamin ?<\/p>\n<p>Der Nikolaus schaute voller Hoffnung zu Josef, aber der zuckte nur mit den Schultern.<\/p>\n<p>Ihr wisst, wenn man keinen Schlot hat, kann man auch kein Feuer sch\u00fcren und das braucht man um die Hufeisen herzustellen.<\/p>\n<p>Aber da kam Wally, die Frau vom obern Schmied und meinte, der Andres vom NSU Club war doch Maurer, der kann des bestimmt Reparieren. Gesagt, getan, Josef stieg auf seine NSU Konsul, an der ist ein Beiwagen dran und d\u00fcste nach D\u00fcrhof um den Adres zu holen. Keine halbe Stunde sp\u00e4ter war der Andres bereits oben auf dem Dach und reparierte den Kamin.<\/p>\n<p>Der Nikolaus \u00fcberlegte\u00a0wie er alle seine Geschenke verteilen soll und war von der NSU Konsul beeindruckt und dachte dar\u00fcber nach,\u00a0ob er damit die P\u00e4ckchen nicht ausfahren kann. Aber die Konsul ist da nicht sportlich genug.<\/p>\n<p>Doch der Josef hat ja noch eine NSU Max und w\u00e4hrend er das Feuer sch\u00fcrte erkl\u00e4rte er den Nikolaus wie man darauf\u00a0fahren kann. Und ruck zuck knatterte der Nikolaus auf dem Sportmotorrad durch die Strassen von\u00a0Burgebrach. War das ein Radau und so kam der Nikolaus diesmal nicht lautlos zu den Kindern, sondern man h\u00f6rte ihn schon von weiten. War das ein Spass.<\/p>\n<p>In der Zwischenzeit\u00a0 hat der Josef das Hufeisen geschmiedet, noch eine Schiene angefertigt\u00a0und Rudolf das Renntier konnte wieder fliegen.<\/p>\n<p>Santa Claus\u00a0hatte riesen Spass in dieser Nacht auf der NSU Max. Allerdings raste die Max so schnell und ratterte\u00a0so laut, das sogar von den B\u00e4umen und D\u00e4chern der Schnee herunterfiel und so konnte man den Weihnachtsmann nicht nur von weiten H\u00f6ren, sondern auch noch seine Stecke die er gefahren ist sehen.<\/p>\n<p>Als es bereits wieder d\u00e4mmerte kam der Nikolaus mit einen l\u00e4cheln auf dem Gesicht zur\u00fcck und gab den obern Schmied\u00a0seine Maschine wieder. Er bedankte sich bei Walli, den Josef und auch beim Andreas der den Kamin neu gemauert hat.<\/p>\n<p>Und wenn Ihr jetzt mal einen \u00e4lteren Burgebracher fragt, der damals in der Winternacht von 1962 dabei war, wird er mit einen l\u00e4cheln daran denken, an diese eine Nacht als der Nikolaus NSU gefahren ist.<\/p>\n<p>&nbsp;<\/p>\n<p>&nbsp;<\/p>\n<p>&nbsp;<\/p>\n","protected":false},"excerpt":{"rendered":"<p>Liebe Kinder, es war die Nacht vor dem 6.Dezember an der Santa Claus wie jedes Jahr nach Burgebrach kam. Eigentlich hei\u00dft er ja Nikolaus, aber moderne Zeiten verlangen nach modernen Namen. Die Zeiten \u00e4ndern sich eben. Doch dieses mal sollte alles anders sein und die Burgebracher haben noch lange von dieser besonderen, \u00a0verzauberten Nacht gesprochen. Denn Rudolf, das ist Nikolaus erstes Renntier, hatte an diesen Abend ein Beinleiden und es flog zu dicht an\u00a0 den Kamin vom obern Schmied vorbei und blieb mit seiner Vorderhufe h\u00e4ngen. Man h\u00f6rte ein lautes poltern und krachen als die Steine in den Kamin flogen. Erschrocken stoppte der Nikolaus seinen Schlitten und schaute sich die &hellip; <a href=\"https:\/\/nsu-club.de\/?page_id=1791\" class=\"more-link\"><span class=\"screen-reader-text\">Eine Weihnachtsgeschichte oder  Als der Nikolaus in Burgebrach NSU gefahren ist<\/span> weiterlesen<\/a><\/p>\n","protected":false},"author":1,"featured_media":0,"parent":0,"menu_order":0,"comment_status":"closed","ping_status":"closed","template":"","meta":{"_mc_calendar":[],"footnotes":""},"class_list":["post-1791","page","type-page","status-publish","hentry"],"_links":{"self":[{"href":"https:\/\/nsu-club.de\/index.php?rest_route=\/wp\/v2\/pages\/1791","targetHints":{"allow":["GET"]}}],"collection":[{"href":"https:\/\/nsu-club.de\/index.php?rest_route=\/wp\/v2\/pages"}],"about":[{"href":"https:\/\/nsu-club.de\/index.php?rest_route=\/wp\/v2\/types\/page"}],"author":[{"embeddable":true,"href":"https:\/\/nsu-club.de\/index.php?rest_route=\/wp\/v2\/users\/1"}],"replies":[{"embeddable":true,"href":"https:\/\/nsu-club.de\/index.php?rest_route=%2Fwp%2Fv2%2Fcomments&post=1791"}],"version-history":[{"count":16,"href":"https:\/\/nsu-club.de\/index.php?rest_route=\/wp\/v2\/pages\/1791\/revisions"}],"predecessor-version":[{"id":1819,"href":"https:\/\/nsu-club.de\/index.php?rest_route=\/wp\/v2\/pages\/1791\/revisions\/1819"}],"wp:attachment":[{"href":"https:\/\/nsu-club.de\/index.php?rest_route=%2Fwp%2Fv2%2Fmedia&parent=1791"}],"curies":[{"name":"wp","href":"https:\/\/api.w.org\/{rel}","templated":true}]}}