{"id":192,"date":"2015-04-16T09:17:09","date_gmt":"2015-04-16T08:17:09","guid":{"rendered":"http:\/\/nsu-club.eu\/?page_id=192"},"modified":"2016-05-23T19:36:40","modified_gmt":"2016-05-23T18:36:40","slug":"restauration","status":"publish","type":"page","link":"https:\/\/nsu-club.de\/?page_id=192","title":{"rendered":"Restauration"},"content":{"rendered":"<p>Das schrauben und das liebevolle restaurieren von Oldtimern ist oft ein langes Projekt. Wo bekommt man die passenden Teile, macht man es original oder &#8222;verbessert&#8220; ? Wer kennt jemanden der die selben Probleme hatte, weiss jemand Fallstricke ? Na ja, ein paar Bilder &#8230;<\/p>\n<p><a href=\"https:\/\/nsu-club.de\/wp-content\/uploads\/2016\/05\/WhatsApp-Image-20160517-5.jpg\"><img loading=\"lazy\" decoding=\"async\" class=\" wp-image-2421 alignleft\" src=\"https:\/\/nsu-club.de\/wp-content\/uploads\/2016\/05\/WhatsApp-Image-20160517-5-300x225.jpg\" alt=\"WhatsApp-Image-20160517 (5)\" width=\"300\" height=\"225\" srcset=\"https:\/\/nsu-club.de\/wp-content\/uploads\/2016\/05\/WhatsApp-Image-20160517-5-300x225.jpg 300w, https:\/\/nsu-club.de\/wp-content\/uploads\/2016\/05\/WhatsApp-Image-20160517-5-768x576.jpg 768w, https:\/\/nsu-club.de\/wp-content\/uploads\/2016\/05\/WhatsApp-Image-20160517-5-1024x768.jpg 1024w, https:\/\/nsu-club.de\/wp-content\/uploads\/2016\/05\/WhatsApp-Image-20160517-5.jpg 1600w\" sizes=\"auto, (max-width: 300px) 100vw, 300px\" \/><\/a><\/p>\n<p>&nbsp;<\/p>\n<p><a href=\"https:\/\/nsu-club.de\/?page_id=2415\">Konsul von Stefan Holler &#8211; aktuelles Projekt<\/a><\/p>\n<p>&nbsp;<\/p>\n<p>&nbsp;<\/p>\n<p><a title=\"OSL 201 \u2013 Stefan Holler \u2013 aktuelles Projekt\" href=\"http:\/\/nsu-club.eu\/?page_id=420\"><img loading=\"lazy\" decoding=\"async\" class=\"  wp-image-432 alignnone\" src=\"http:\/\/nsu-club.eu\/wp-content\/uploads\/2015\/04\/20150326_113404-300x225.jpg\" alt=\"20150326_113404\" width=\"300\" height=\"225\" srcset=\"https:\/\/nsu-club.de\/wp-content\/uploads\/2015\/04\/20150326_113404-300x225.jpg 300w, https:\/\/nsu-club.de\/wp-content\/uploads\/2015\/04\/20150326_113404-1024x768.jpg 1024w\" sizes=\"auto, (max-width: 300px) 100vw, 300px\" \/><\/a><a title=\"OSL 201 \u2013 Stefan Holler \u2013 aktuelles Projekt\" href=\"http:\/\/nsu-club.eu\/?page_id=420\">OSL von Stefan Holler &#8211; aktuelles Projekt<\/a><\/p>\n<p><a href=\"http:\/\/nsu-club.eu\/?page_id=180%20\"><img loading=\"lazy\" decoding=\"async\" class=\"alignnone size-medium wp-image-186\" src=\"http:\/\/nsu-club.eu\/wp-content\/uploads\/2015\/04\/motorrad-300x243.jpg\" alt=\"motorrad\" width=\"300\" height=\"243\" srcset=\"https:\/\/nsu-club.de\/wp-content\/uploads\/2015\/04\/motorrad-300x243.jpg 300w, https:\/\/nsu-club.de\/wp-content\/uploads\/2015\/04\/motorrad.jpg 329w\" sizes=\"auto, (max-width: 300px) 100vw, 300px\" \/><\/a><a href=\"http:\/\/nsu-club.eu\/?page_id=180%20\">Max von Wolfgang G\u00fcttler<\/a><\/p>\n<p><a href=\"http:\/\/nsu-club.eu\/?page_id=310\"><img loading=\"lazy\" decoding=\"async\" class=\"alignnone size-medium wp-image-269\" src=\"http:\/\/nsu-club.eu\/wp-content\/uploads\/2015\/04\/Motorrad-Wernsd\u00f6rfer-192-169x300.jpg\" alt=\"Motorrad Wernsd\u00f6rfer-192\" width=\"169\" height=\"300\" srcset=\"https:\/\/nsu-club.de\/wp-content\/uploads\/2015\/04\/Motorrad-Wernsd\u00f6rfer-192-169x300.jpg 169w, https:\/\/nsu-club.de\/wp-content\/uploads\/2015\/04\/Motorrad-Wernsd\u00f6rfer-192.jpg 197w\" sizes=\"auto, (max-width: 169px) 100vw, 169px\" \/>MM &#8211; Max Mann &#8211; Andreas Wernsd\u00f6rfer<\/a><\/p>\n<p><a href=\"https:\/\/nsu-club.de\/?page_id=657\"><img loading=\"lazy\" decoding=\"async\" class=\" size-medium wp-image-643 alignnone\" src=\"https:\/\/nsu-club.de\/wp-content\/uploads\/2015\/04\/IMG_2131-300x200.jpg\" alt=\"IMG_2131\" width=\"300\" height=\"200\" srcset=\"https:\/\/nsu-club.de\/wp-content\/uploads\/2015\/04\/IMG_2131-300x200.jpg 300w, https:\/\/nsu-club.de\/wp-content\/uploads\/2015\/04\/IMG_2131-1024x683.jpg 1024w\" sizes=\"auto, (max-width: 300px) 100vw, 300px\" \/><\/a><a href=\"https:\/\/nsu-club.de\/?page_id=657\">Beiwagen Josef D\u00fcrbeck f\u00fcr NSU Konsul<\/a><\/p>\n<p><a href=\"http:\/\/nsu-club.eu\/?page_id=198%20\"><img loading=\"lazy\" decoding=\"async\" class=\"alignnone size-medium wp-image-202\" src=\"http:\/\/nsu-club.eu\/wp-content\/uploads\/2015\/04\/13-300x208.jpg\" alt=\"13\" width=\"300\" height=\"208\" srcset=\"https:\/\/nsu-club.de\/wp-content\/uploads\/2015\/04\/13-300x208.jpg 300w, https:\/\/nsu-club.de\/wp-content\/uploads\/2015\/04\/13.jpg 401w\" sizes=\"auto, (max-width: 300px) 100vw, 300px\" \/><\/a><a href=\"http:\/\/nsu-club.eu\/?page_id=198%20\">Beiwagen von Anton Sp\u00f6rlein<\/a><\/p>\n<p><a href=\"http:\/\/nsu-club.eu\/?page_id=206 \"><img loading=\"lazy\" decoding=\"async\" class=\"alignnone size-medium wp-image-213\" src=\"http:\/\/nsu-club.eu\/wp-content\/uploads\/2015\/04\/5_anton-300x171.jpg\" alt=\"5_anton\" width=\"300\" height=\"171\" srcset=\"https:\/\/nsu-club.de\/wp-content\/uploads\/2015\/04\/5_anton-300x171.jpg 300w, https:\/\/nsu-club.de\/wp-content\/uploads\/2015\/04\/5_anton.jpg 510w\" sizes=\"auto, (max-width: 300px) 100vw, 300px\" \/><\/a><a href=\"http:\/\/nsu-club.eu\/?page_id=206%20\">Super Sport von Anton Sp\u00f6rlein<\/a><\/p>\n<p><a href=\"http:\/\/nsu-club.eu\/?page_id=220 \"><img loading=\"lazy\" decoding=\"async\" class=\"alignnone size-medium wp-image-233\" src=\"http:\/\/nsu-club.eu\/wp-content\/uploads\/2015\/04\/IMG_0459-300x225.jpg\" alt=\"IMG_0459\" width=\"300\" height=\"225\" srcset=\"https:\/\/nsu-club.de\/wp-content\/uploads\/2015\/04\/IMG_0459-300x225.jpg 300w, https:\/\/nsu-club.de\/wp-content\/uploads\/2015\/04\/IMG_0459.jpg 648w\" sizes=\"auto, (max-width: 300px) 100vw, 300px\" \/><\/a><a href=\"http:\/\/nsu-club.eu\/?page_id=220%20\">Quick &#8211; Lothar Metzner<\/a><\/p>\n","protected":false},"excerpt":{"rendered":"<p>Das schrauben und das liebevolle restaurieren von Oldtimern ist oft ein langes Projekt. Wo bekommt man die passenden Teile, macht man es original oder &#8222;verbessert&#8220; ? Wer kennt jemanden der die selben Probleme hatte, weiss jemand Fallstricke ? Na ja, ein paar Bilder &#8230; &nbsp; Konsul von Stefan Holler &#8211; aktuelles Projekt &nbsp; &nbsp; OSL von Stefan Holler &#8211; aktuelles Projekt Max von Wolfgang G\u00fcttler MM &#8211; Max Mann &#8211; Andreas Wernsd\u00f6rfer Beiwagen Josef D\u00fcrbeck f\u00fcr NSU Konsul Beiwagen von Anton Sp\u00f6rlein Super Sport von Anton Sp\u00f6rlein Quick &#8211; Lothar Metzner<\/p>\n","protected":false},"author":1,"featured_media":0,"parent":0,"menu_order":0,"comment_status":"closed","ping_status":"closed","template":"","meta":{"_mc_calendar":[],"footnotes":""},"class_list":["post-192","page","type-page","status-publish","hentry"],"_links":{"self":[{"href":"https:\/\/nsu-club.de\/index.php?rest_route=\/wp\/v2\/pages\/192","targetHints":{"allow":["GET"]}}],"collection":[{"href":"https:\/\/nsu-club.de\/index.php?rest_route=\/wp\/v2\/pages"}],"about":[{"href":"https:\/\/nsu-club.de\/index.php?rest_route=\/wp\/v2\/types\/page"}],"author":[{"embeddable":true,"href":"https:\/\/nsu-club.de\/index.php?rest_route=\/wp\/v2\/users\/1"}],"replies":[{"embeddable":true,"href":"https:\/\/nsu-club.de\/index.php?rest_route=%2Fwp%2Fv2%2Fcomments&post=192"}],"version-history":[{"count":31,"href":"https:\/\/nsu-club.de\/index.php?rest_route=\/wp\/v2\/pages\/192\/revisions"}],"predecessor-version":[{"id":2485,"href":"https:\/\/nsu-club.de\/index.php?rest_route=\/wp\/v2\/pages\/192\/revisions\/2485"}],"wp:attachment":[{"href":"https:\/\/nsu-club.de\/index.php?rest_route=%2Fwp%2Fv2%2Fmedia&parent=192"}],"curies":[{"name":"wp","href":"https:\/\/api.w.org\/{rel}","templated":true}]}}