{"id":336,"date":"2015-04-18T06:45:39","date_gmt":"2015-04-18T05:45:39","guid":{"rendered":"http:\/\/nsu-club.eu\/?page_id=336"},"modified":"2015-04-18T06:45:39","modified_gmt":"2015-04-18T05:45:39","slug":"ausflug-fischbachau-am-spitzingsee-18-22-juni-2003","status":"publish","type":"page","link":"https:\/\/nsu-club.de\/?page_id=336","title":{"rendered":"Ausflug: Fischbachau am Spitzingsee 18. &#8211; 22, Juni 2003"},"content":{"rendered":"<div align=\"center\"><span style=\"font-size: medium;\"><b> 18. &#8211; 22. Juni 2003<\/b><\/span><span style=\"font-size: xx-small;\">Clubausflug nach Fischbachau am Spitzingsee<\/span><\/div>\n<p>Die Anreise mit den 17 Motorr\u00e4dern verlief zwar bei sch\u00f6nem Wetter, doch konnte man nach einigen Pannen erst am Abend das Ziel erreichen. Kleine Reparaturen an Z\u00fcndung, verlorenem Auspuff, gerissenem Kupplungszug wurden vom Technischen Leiter und 1. Vorstand, Anton Sp\u00f6rlein, an Ort und Stelle erledigt.<span style=\"font-size: medium;\"><b><b><a href=\"http:\/\/nsu-club.eu\/wp-content\/uploads\/2015\/04\/spitz1.jpg\"><img loading=\"lazy\" decoding=\"async\" class=\" size-medium wp-image-338 aligncenter\" src=\"http:\/\/nsu-club.eu\/wp-content\/uploads\/2015\/04\/spitz1-300x185.jpg\" alt=\"spitz1\" width=\"300\" height=\"185\" srcset=\"https:\/\/nsu-club.de\/wp-content\/uploads\/2015\/04\/spitz1-300x185.jpg 300w, https:\/\/nsu-club.de\/wp-content\/uploads\/2015\/04\/spitz1.jpg 586w\" sizes=\"auto, (max-width: 300px) 100vw, 300px\" \/><\/a><\/b><\/b><\/span><\/p>\n<div align=\"center\"><\/div>\n<div align=\"center\"><\/div>\n<p>Vom Quartier in Fischbachau wurden t\u00e4glich Rundfahrten ins Gebirge unternommen: So ging es zum Schliersee und Tegernsee, nach \u00d6sterreich zum Achensee und zur\u00fcck \u00fcber Kufstein, am anderen Tag nach Berchtesgaden. Das Wetter war bew\u00f6lkt, aber trocken.<\/p>\n<div align=\"center\">\n<div align=\"center\"><span style=\"font-size: medium;\"><b><a href=\"http:\/\/nsu-club.eu\/wp-content\/uploads\/2015\/04\/spitz2.jpg\"><img loading=\"lazy\" decoding=\"async\" class=\" size-medium wp-image-339 aligncenter\" src=\"http:\/\/nsu-club.eu\/wp-content\/uploads\/2015\/04\/spitz2-300x200.jpg\" alt=\"spitz2\" width=\"300\" height=\"200\" srcset=\"https:\/\/nsu-club.de\/wp-content\/uploads\/2015\/04\/spitz2-300x200.jpg 300w, https:\/\/nsu-club.de\/wp-content\/uploads\/2015\/04\/spitz2.jpg 542w\" sizes=\"auto, (max-width: 300px) 100vw, 300px\" \/><\/a><\/b><\/span><\/div>\n<\/div>\n<div align=\"center\"><\/div>\n<p>Die Heimfahrt verlief ohne Probleme und wurde mit einer Einkehr auf dem Schwanenkeller in Burgebrach beendet. W\u00e4hrend des Ausfluges wurden insgesamt 1.370 km mit den Oldtimermotorr\u00e4dern wie NSU Konsul und NSU Max zur\u00fcckgelegt.<\/p>\n","protected":false},"excerpt":{"rendered":"<p>18. &#8211; 22. Juni 2003Clubausflug nach Fischbachau am Spitzingsee Die Anreise mit den 17 Motorr\u00e4dern verlief zwar bei sch\u00f6nem Wetter, doch konnte man nach einigen Pannen erst am Abend das Ziel erreichen. Kleine Reparaturen an Z\u00fcndung, verlorenem Auspuff, gerissenem Kupplungszug wurden vom Technischen Leiter und 1. Vorstand, Anton Sp\u00f6rlein, an Ort und Stelle erledigt. Vom Quartier in Fischbachau wurden t\u00e4glich Rundfahrten ins Gebirge unternommen: So ging es zum Schliersee und Tegernsee, nach \u00d6sterreich zum Achensee und zur\u00fcck \u00fcber Kufstein, am anderen Tag nach Berchtesgaden. Das Wetter war bew\u00f6lkt, aber trocken. Die Heimfahrt verlief ohne Probleme und wurde mit einer Einkehr auf dem Schwanenkeller in Burgebrach beendet. W\u00e4hrend des Ausfluges wurden &hellip; <a href=\"https:\/\/nsu-club.de\/?page_id=336\" class=\"more-link\"><span class=\"screen-reader-text\">Ausflug: Fischbachau am Spitzingsee 18. &#8211; 22, Juni 2003<\/span> weiterlesen<\/a><\/p>\n","protected":false},"author":1,"featured_media":0,"parent":0,"menu_order":0,"comment_status":"closed","ping_status":"closed","template":"","meta":{"_mc_calendar":[],"footnotes":""},"class_list":["post-336","page","type-page","status-publish","hentry"],"_links":{"self":[{"href":"https:\/\/nsu-club.de\/index.php?rest_route=\/wp\/v2\/pages\/336","targetHints":{"allow":["GET"]}}],"collection":[{"href":"https:\/\/nsu-club.de\/index.php?rest_route=\/wp\/v2\/pages"}],"about":[{"href":"https:\/\/nsu-club.de\/index.php?rest_route=\/wp\/v2\/types\/page"}],"author":[{"embeddable":true,"href":"https:\/\/nsu-club.de\/index.php?rest_route=\/wp\/v2\/users\/1"}],"replies":[{"embeddable":true,"href":"https:\/\/nsu-club.de\/index.php?rest_route=%2Fwp%2Fv2%2Fcomments&post=336"}],"version-history":[{"count":3,"href":"https:\/\/nsu-club.de\/index.php?rest_route=\/wp\/v2\/pages\/336\/revisions"}],"predecessor-version":[{"id":342,"href":"https:\/\/nsu-club.de\/index.php?rest_route=\/wp\/v2\/pages\/336\/revisions\/342"}],"wp:attachment":[{"href":"https:\/\/nsu-club.de\/index.php?rest_route=%2Fwp%2Fv2%2Fmedia&parent=336"}],"curies":[{"name":"wp","href":"https:\/\/api.w.org\/{rel}","templated":true}]}}